{"id":1837,"date":"2025-10-29T08:53:40","date_gmt":"2025-10-29T07:53:40","guid":{"rendered":"https:\/\/www.eindrucksvoll.at\/?page_id=1837"},"modified":"2025-12-18T14:57:44","modified_gmt":"2025-12-18T13:57:44","slug":"kontakt","status":"publish","type":"page","link":"https:\/\/www.eindrucksvoll.at\/index.php\/kontakt\/","title":{"rendered":"Kontakt"},"content":{"rendered":"\t\t<div data-elementor-type=\"wp-page\" data-elementor-id=\"1837\" class=\"elementor elementor-1837\">\n\t\t\t\t<div class=\"elementor-element elementor-element-62b41683 e-flex e-con-boxed wpr-particle-no wpr-jarallax-no wpr-parallax-no wpr-sticky-section-no e-con e-parent\" data-id=\"62b41683\" data-element_type=\"container\" data-settings=\"{&quot;background_background&quot;:&quot;classic&quot;}\">\n\t\t\t\t\t<div class=\"e-con-inner\">\n\t\t<div class=\"elementor-element elementor-element-12beb6e9 e-con-full e-flex wpr-particle-no wpr-jarallax-no wpr-parallax-no wpr-sticky-section-no e-con e-child\" data-id=\"12beb6e9\" data-element_type=\"container\">\n\t\t\t\t<div class=\"elementor-element elementor-element-d9ecb8f elementor-widget elementor-widget-heading\" data-id=\"d9ecb8f\" data-element_type=\"widget\" data-widget_type=\"heading.default\">\n\t\t\t\t\t<h1 class=\"elementor-heading-title elementor-size-default\">Kontakt<\/h1>\t\t\t\t<\/div>\n\t\t\t\t<div class=\"elementor-element elementor-element-69292e83 elementor-widget elementor-widget-text-editor\" data-id=\"69292e83\" data-element_type=\"widget\" data-widget_type=\"text-editor.default\">\n\t\t\t\t\t\t\t\t\t<p>Wir freuen uns von Ihnen zu h\u00f6ren!<\/p><p>B\u00fcrozeiten:<br \/>Montag bis Donnerstag<br \/>07.00 &#8211; 12.00<br \/>12.30 &#8211; 16.00<\/p>\t\t\t\t\t\t\t\t<\/div>\n\t\t\t\t<div class=\"elementor-element elementor-element-22ff8d9e elementor-align-left elementor-icon-list--layout-traditional elementor-list-item-link-full_width elementor-widget elementor-widget-icon-list\" data-id=\"22ff8d9e\" data-element_type=\"widget\" data-widget_type=\"icon-list.default\">\n\t\t\t\t\t\t\t<ul class=\"elementor-icon-list-items\">\n\t\t\t\t\t\t\t<li class=\"elementor-icon-list-item\">\n\t\t\t\t\t\t\t\t\t\t\t<span class=\"elementor-icon-list-icon\">\n\t\t\t\t\t\t\t<svg aria-hidden=\"true\" class=\"e-font-icon-svg e-fas-location-arrow\" viewBox=\"0 0 512 512\" xmlns=\"http:\/\/www.w3.org\/2000\/svg\"><path d=\"M444.52 3.52L28.74 195.42c-47.97 22.39-31.98 92.75 19.19 92.75h175.91v175.91c0 51.17 70.36 67.17 92.75 19.19l191.9-415.78c15.99-38.39-25.59-79.97-63.97-63.97z\"><\/path><\/svg>\t\t\t\t\t\t<\/span>\n\t\t\t\t\t\t\t\t\t\t<span class=\"elementor-icon-list-text\">Schirmerstra\u00dfe 15, 4060 Leonding<\/span>\n\t\t\t\t\t\t\t\t\t<\/li>\n\t\t\t\t\t\t\t\t<li class=\"elementor-icon-list-item\">\n\t\t\t\t\t\t\t\t\t\t\t<span class=\"elementor-icon-list-icon\">\n\t\t\t\t\t\t\t<svg aria-hidden=\"true\" class=\"e-font-icon-svg e-fas-phone-alt\" viewBox=\"0 0 512 512\" xmlns=\"http:\/\/www.w3.org\/2000\/svg\"><path d=\"M497.39 361.8l-112-48a24 24 0 0 0-28 6.9l-49.6 60.6A370.66 370.66 0 0 1 130.6 204.11l60.6-49.6a23.94 23.94 0 0 0 6.9-28l-48-112A24.16 24.16 0 0 0 122.6.61l-104 24A24 24 0 0 0 0 48c0 256.5 207.9 464 464 464a24 24 0 0 0 23.4-18.6l24-104a24.29 24.29 0 0 0-14.01-27.6z\"><\/path><\/svg>\t\t\t\t\t\t<\/span>\n\t\t\t\t\t\t\t\t\t\t<span class=\"elementor-icon-list-text\">Telefon: +43 732 370 230<\/span>\n\t\t\t\t\t\t\t\t\t<\/li>\n\t\t\t\t\t\t\t\t<li class=\"elementor-icon-list-item\">\n\t\t\t\t\t\t\t\t\t\t\t<a href=\"mailto:office@eindrucksvoll.at\">\n\n\t\t\t\t\t\t\t\t\t\t\t\t<span class=\"elementor-icon-list-icon\">\n\t\t\t\t\t\t\t<svg aria-hidden=\"true\" class=\"e-font-icon-svg e-far-envelope\" viewBox=\"0 0 512 512\" xmlns=\"http:\/\/www.w3.org\/2000\/svg\"><path d=\"M464 64H48C21.49 64 0 85.49 0 112v288c0 26.51 21.49 48 48 48h416c26.51 0 48-21.49 48-48V112c0-26.51-21.49-48-48-48zm0 48v40.805c-22.422 18.259-58.168 46.651-134.587 106.49-16.841 13.247-50.201 45.072-73.413 44.701-23.208.375-56.579-31.459-73.413-44.701C106.18 199.465 70.425 171.067 48 152.805V112h416zM48 400V214.398c22.914 18.251 55.409 43.862 104.938 82.646 21.857 17.205 60.134 55.186 103.062 54.955 42.717.231 80.509-37.199 103.053-54.947 49.528-38.783 82.032-64.401 104.947-82.653V400H48z\"><\/path><\/svg>\t\t\t\t\t\t<\/span>\n\t\t\t\t\t\t\t\t\t\t<span class=\"elementor-icon-list-text\">E-Mail: office@eindrucksvoll.at<\/span>\n\t\t\t\t\t\t\t\t\t\t\t<\/a>\n\t\t\t\t\t\t\t\t\t<\/li>\n\t\t\t\t\t\t<\/ul>\n\t\t\t\t\t\t<\/div>\n\t\t\t\t<\/div>\n\t\t\t\t\t<\/div>\n\t\t\t\t<\/div>\n\t\t<div class=\"elementor-element elementor-element-1d7b6324 e-flex e-con-boxed wpr-particle-no wpr-jarallax-no wpr-parallax-no wpr-sticky-section-no e-con e-parent\" data-id=\"1d7b6324\" data-element_type=\"container\">\n\t\t\t\t\t<div class=\"e-con-inner\">\n\t\t<div class=\"elementor-element elementor-element-5053b34b e-con-full e-flex wpr-particle-no wpr-jarallax-no wpr-parallax-no wpr-sticky-section-no e-con e-child\" data-id=\"5053b34b\" data-element_type=\"container\">\n\t\t\t\t<div class=\"elementor-element elementor-element-3f5dd94b elementor-widget elementor-widget-text-editor\" data-id=\"3f5dd94b\" data-element_type=\"widget\" data-widget_type=\"text-editor.default\">\n\t\t\t\t\t\t\t\t\t<p><b>einDRUCKsvoll GmbH<\/b> | Schirmerstra\u00dfe 15 | 4060 Leonding | +43 732 \/ 370 230\u00a0 | <strong><a href=\"mailto:office@eindrucksvoll.at\">office@eindrucksvoll.at<\/a><\/strong><br \/><b>B\u00fcrozeiten<\/b>\u00a0| \u200b\u200bMo-Do: 7.00 &#8211; 12.00 und 12.30 &#8211; 16.00<br \/><strong><span style=\"color: #2f4d62;\"><a style=\"color: #2f4d62;\" href=\"https:\/\/www.eindrucksvoll.at\/index.php\/impressum-2\/\" target=\"_blank\" rel=\"noopener\">Impressum<\/a><\/span><\/strong> | <strong><span style=\"color: #2f4d62;\"><a style=\"color: #2f4d62;\" href=\"https:\/\/www.eindrucksvoll.at\/index.php\/dsgvo-2\/\" target=\"_blank\" rel=\"noopener\">DSGVO<\/a><\/span><\/strong> | <a href=\"https:\/\/www.eindrucksvoll.at\/wp-content\/uploads\/2025\/12\/AGB_grafisches_Gewerbe_2020.pdf\"><strong><span style=\"color: #2f4d62;\">AGB<\/span><\/strong><\/a> | Copyright \u00a9 2025. Alle Rechte vorbehalten.<\/p>\t\t\t\t\t\t\t\t<\/div>\n\t\t\t\t<\/div>\n\t\t<div class=\"elementor-element elementor-element-27a542fa e-con-full e-flex wpr-particle-no wpr-jarallax-no wpr-parallax-no wpr-sticky-section-no e-con e-child\" data-id=\"27a542fa\" data-element_type=\"container\">\n\t\t\t\t<div class=\"elementor-element elementor-element-6597bb9d elementor-widget elementor-widget-image\" data-id=\"6597bb9d\" data-element_type=\"widget\" data-widget_type=\"image.default\">\n\t\t\t\t\t\t\t\t\t\t\t\t\t\t\t<img fetchpriority=\"high\" decoding=\"async\" width=\"737\" height=\"108\" src=\"https:\/\/www.eindrucksvoll.at\/wp-content\/uploads\/2025\/10\/logo_eindrucksvoll.svg\" class=\"attachment-large size-large wp-image-1490\" alt=\"Logo der Firma einDRUCKsvoll\" \/>\t\t\t\t\t\t\t\t\t\t\t\t\t\t\t<\/div>\n\t\t\t\t<\/div>\n\t\t\t\t\t<\/div>\n\t\t\t\t<\/div>\n\t\t\t\t<\/div>\n\t\t","protected":false},"excerpt":{"rendered":"<p>Kontakt Wir freuen uns von Ihnen zu h\u00f6ren! B\u00fcrozeiten:Montag bis Donnerstag07.00 &#8211; 12.0012.30 &#8211; 16.00 Schirmerstra\u00dfe 15, 4060 Leonding Telefon: +43 732 370 230 E-Mail: office@eindrucksvoll.at einDRUCKsvoll GmbH | Schirmerstra\u00dfe 15 | 4060 Leonding | +43 732 \/ 370 230\u00a0 | office@eindrucksvoll.atB\u00fcrozeiten\u00a0| \u200b\u200bMo-Do: 7.00 &#8211; 12.00 und 12.30 &#8211; 16.00Impressum | DSGVO | AGB | Copyright \u00a9 2025. Alle Rechte vorbehalten.<\/p>\n","protected":false},"author":5,"featured_media":0,"parent":0,"menu_order":0,"comment_status":"closed","ping_status":"closed","template":"","meta":{"footnotes":""},"class_list":["post-1837","page","type-page","status-publish","hentry"],"_links":{"self":[{"href":"https:\/\/www.eindrucksvoll.at\/index.php\/wp-json\/wp\/v2\/pages\/1837","targetHints":{"allow":["GET"]}}],"collection":[{"href":"https:\/\/www.eindrucksvoll.at\/index.php\/wp-json\/wp\/v2\/pages"}],"about":[{"href":"https:\/\/www.eindrucksvoll.at\/index.php\/wp-json\/wp\/v2\/types\/page"}],"author":[{"embeddable":true,"href":"https:\/\/www.eindrucksvoll.at\/index.php\/wp-json\/wp\/v2\/users\/5"}],"replies":[{"embeddable":true,"href":"https:\/\/www.eindrucksvoll.at\/index.php\/wp-json\/wp\/v2\/comments?post=1837"}],"version-history":[{"count":46,"href":"https:\/\/www.eindrucksvoll.at\/index.php\/wp-json\/wp\/v2\/pages\/1837\/revisions"}],"predecessor-version":[{"id":2103,"href":"https:\/\/www.eindrucksvoll.at\/index.php\/wp-json\/wp\/v2\/pages\/1837\/revisions\/2103"}],"wp:attachment":[{"href":"https:\/\/www.eindrucksvoll.at\/index.php\/wp-json\/wp\/v2\/media?parent=1837"}],"curies":[{"name":"wp","href":"https:\/\/api.w.org\/{rel}","templated":true}]}}